f = 2*f + 49612, -t - 3*f + 16542 = 0. Suppose -t = -21*i - 16*i. What are the prime factors of i?
3, 149
Let r(y) = y**2 - 4*y - 10. Suppose -8*q - 9*q + 34 = 0. Suppose x - q*x = -4*b - 16, 0 = -2*x + 3*b + 22. List the prime factors of r(x).
2, 11
Suppose 3*o - 18 = 0, 0 = -d - 130*o + 129*o + 24. Let f = 4 + -22. Let b = d - f. What are the prime factors of b?
2, 3
Let n = -10727 + 34194. List the prime factors of n.
31, 757
Let u(m) = -12253*m**3 + 4*m**2 - 14*m - 19. List the prime factors of u(-1).
2, 3, 1021
Suppose -31*h - 4*h + 41*h - 230658 = 0. What are the prime factors of h?
37, 1039
Let q = 53781 + 6717. List the prime factors of q.
2, 3, 3361
List the prime factors of 2/5 + (5492/16)/((-25)/(-3220)).
3, 14737
Let l be ((-891)/6)/(114/(-1672)). Let x = -591 + l. List the prime factors of x.
3, 23
Suppose -g = 5*f + 17, 2*f = 4*g - 3*f + 43. List the prime factors of 1 + 3*(-1 + (-1232)/g).
2, 3, 17
Let u be -3 + (-70)/28*(1 + -3). Suppose -2*k + 4*r + 1256 = 0, u*r - 9 - 1 = 0. What are the prime factors of k?
2, 11, 29
Let o(x) be the third derivative of -x**6/120 - 37*x**5/60 - 5*x**4/6 - 29*x**3 + 13*x**2. What are the prime factors of o(-37)?
2, 283
Suppose 4*q - 136 = -c, -153*c = -q - 149*c + 34. Let y be -6*-11*(-2)/(-4). Suppose q*r = y*r + 141. List the prime factors of r.
3, 47
Suppose 17*j = 118273 - 11836. What are the prime factors of j?
3, 2087
Suppose 212 = -2*n - 5*p, -4*p - 134 = 3*n + 191. Let i = -330 + 298. Let q = i - n. List the prime factors of q.
79
Let f = -3818 + 7050. What are the prime factors of f?
2, 101
Suppose -3*c + 555 = -3*x, -81 = -c - x + 98. Let l = c - -421. List the prime factors of l.
3, 67
Suppose 0*h + 4*h - 2*c - 26 = 0, 2*h = 2*c + 14. Suppose 0*x = 2*x - h. Suppose -3*p + 311 = x*o - 19, 2*o + 3*p = 217. What are the prime factors of o?
113
Suppose 4885 = 2*q + 3*q. Let a = 1712 - q. Suppose -5*u = -8*u + a. List the prime factors of u.
5, 7
Let m(g) = 8*g + 22. Let l be m(-5). Let a be ((-108)/45)/(l/10 - -2). What are the prime factors of 7*(-321)/a - 3/12?
11, 17
Suppose 2*h - 4589 = 3*m + 14564, 47855 = 5*h - 2*m. What are the prime factors of h?
7, 1367
Let k(q) = -3*q**2 + 8*q - 6. Let f be k(4). Let o = f + 26. Suppose 0 = o*r - 40 - 32. List the prime factors of r.
2, 3
List the prime factors of (-408834)/(-13) + 1146/4966.
3, 11, 953
Let m(t) = -2099*t - 158. What are the prime factors of m(-2)?
2, 5, 101
Let d(f) = -3526*f + 68. List the prime factors of d(-5).
2, 8849
Suppose 6*w - 447289 = 79097. What are the prime factors of w?
7, 83, 151
Let n = 45 - 46. Let g be (1 + -3)/(3/282)*n. Let v = g + -66. What are the prime factors of v?
2, 61
Let s(q) = -9*q**3 - q - 1. Let c be s(-1). Let m = -6 + c. What are the prime factors of 50/45*m*27?
2, 3, 5
Let t(l) = l**2 + 3*l + 3. Let m be t(-4). Suppose -m*j - 186 = -8453. List the prime factors of j.
1181
Let y(o) = -o**3 - 8*o**2 - 17*o - 6. Let k be y(-5). Suppose -3510 = -5*d + 3*u + 442, k*d - 2*u - 3160 = 0. What are the prime factors of d?
2, 197
Let o = 51 - 48. Suppose -o*n - 62 = -4*s, 0 = 2*s + s - 4*n - 43. Suppose -s*z = -21*z + 96. What are the prime factors of z?
2, 3
Suppose 16*i - 11*i = 5*d - 35, 0 = 4*d + 4*i - 52. Suppose -11*x + 105 = -d*x. What are the prime factors of x?
3, 5, 7
Let s be (14/8 - 4)/((-7)/56). Suppose -2*j + 1482 = 5*g, -s*g + 13*g - 771 = -j. List the prime factors of j.
751
Suppose 191*n - 61*n - 657930 = 0. What are the prime factors of n?
3, 7, 241
List the prime factors of (48/6 + -10)*2/((-4)/8259).
3, 2753
Suppose 0 = -8*f + 5*f + 18. Suppose 0 = 3*p - 4*p + f. Suppose -p*r + 40 = -4*r. List the prime factors of r.
2, 5
Let y(s) = -4372*s - 153. Let x be y(-4). Suppose 12716 = 27*b - x. List the prime factors of b.
3, 7, 53
Suppose 4573*x = 4388*x + 3969730. List the prime factors of x.
2, 10729
Let i be (-3)/(27/2) - 17500/(-18). Let t be ((-8)/(-6))/(5/255). Suppose -t*w - i = -72*w. What are the prime factors of w?
3
Suppose 3*p + k = -0*k + 4, 3*p = -5*k - 4. Suppose -3*s = 2*i - 252 - 289, p*i - 5*s = 533. List the prime factors of i.
269
What are the prime factors of (0 + 3330/(-24))*-48?
2, 3, 5, 37
Let k(p) = p - 2. Let y be k(11). Suppose -4*h + 0*h = 0. Suppose 3*m - y*m + 36 = h. List the prime factors of m.
2, 3
Let k be 1/7 - 800/14. What are the prime factors of (-7298)/(-6) + (-38)/k?
1217
Let i be ((-2)/(-5) + -2)/(4/(-10)). Let k be (46/i)/(-3*1/(-42)). Suppose -9 = 3*x, 3*o - 4*x - k = -26. What are the prime factors of o?
41
Let s = -70 + 87. Let k(v) = v**2 - 11*v - 35. Let j be k(s). Suppose -j*c = -72*c + 610. What are the prime factors of c?
2, 61
List the prime factors of (148/(-12) - -1)*-7929*7/42.
17, 881
Let y be (10 - 22)/((-3)/20). List the prime factors of (-2415)/10*(y/15 + -6).
7, 23
Let f = 18 - 8. Suppose 0 = -b - 5*y + 41, -4*b + 276 - 7 = -y. Suppose -f*j = j - b. What are the prime factors of j?
2, 3
Suppose 4*h = -2*w - 144, -4*h + 52 = 4*w + 340. Let u = w + 191. What are the prime factors of u?
7, 17
Suppose -22*u + 107045 = 4*v - 17*u, 5*v - 133750 = 5*u. What are the prime factors of v?
5, 5351
Let l(b) = -b**2 + 25*b - 44. Let m be l(23). Suppose -2*r - 3*i = -14, 5*r + 0*r - 21 = -4*i. What are the prime factors of (26/4)/(r/m)?
13
Let g(n) = 7*n**3 - 35*n**2 + 21*n - 20. Let p = 67 - 62. Let l(k) = 3*k**3 - 17*k**2 + 10*k - 10. Let w(b) = p*l(b) - 2*g(b). List the prime factors of w(15).
2, 5, 11
Let w(q) = 4*q. Let h be w(3). Suppose 266 = 6*d - 70. Suppose 14*j - d = h*j. What are the prime factors of j?
2, 7
Let m be 0 + 23 + -3 + 4. Let b be (-64)/(-30) + m/(-180). Suppose -o + 118 = 5*i, -3*i - 95 = -b*o + 89. List the prime factors of o.
2, 7
Let l = -55 + 57. List the prime factors of (-6 - (-1 - l))*40/(-12).
2, 5
Suppose -4*w + 4*x = -24768, -97*w - 3*x = -95*w - 12344. List the prime factors of w.
2, 773
Let s be ((-25)/(-15))/(1/666). Suppose 3*t + 25*h - 3328 = 23*h, -h + s = t. List the prime factors of t.
2, 277
Let m(h) = -227*h**2 + 16*h - 16. Let i be m(1). List the prime factors of (i/(-2))/(-11 - 207/(-18)).
227
Let c be (26 - 25)/((-2)/(-3570)). List the prime factors of (-9)/(-6) + c/30.
61
Let w(c) = 48*c - 14. Let b be w(8). Let p = b - -918. What are the prime factors of p?
2, 7, 23
Let z = 2608 + -1362. Suppose -2962 = -4*n + z. List the prime factors of n.
2, 263
Let r = -23 + 32. Suppose -5*v = -r*v + 436. Let p = -30 + v. List the prime factors of p.
79
Suppose 0 = -w - s + 28, -18*s - 156 = -5*w - 19*s. Suppose -5*z + 5*q = -3*z - 32, 2*z = -3*q + w. List the prime factors of z.
2
Suppose -2*j - 97772 = -4*g, -144745 = -7*g - j + 26329. List the prime factors of g.
2, 5, 13, 47
Suppose 3391*y - 3408*y = 125096 - 442197. What are the prime factors of y?
23, 811
Let f(c) = -226*c - 1. Let p(b) = -451*b + 8. Let s(h) = 5*f(h) - 3*p(h). What are the prime factors of s(8)?
3, 5, 13
Suppose -2*f - 7*f = -81. Suppose -7*d - 10 = -f*d. Suppose -82 = -b + 4*r - r, 410 = d*b - 4*r. List the prime factors of b.
2, 41
Let z = 41 + -50. Let n(q) = 5*q**2 + 20*q + 3. Let o be n(z). Suppose 2*w = 4*h + o, 0 = 3*w - 3*h - h - 340. What are the prime factors of w?
2, 7
Let m be ((-12)/9)/4 + 50/15. Suppose -3*o = -2*q + 1986, q + 4*q + m*o - 4965 = 0. What are the prime factors of q?
3, 331
Suppose -41*r + 37*r + 9040 = 0. Suppose 9*m - 4*m = r. What are the prime factors of m?
2, 113
List the prime factors of (-12)/3*-7*1150/25.
2, 7, 23
Let b = 5880 + 472. What are the prime factors of b?
2, 397
Suppose 0 = 11*x - 7*x + 4. Let f be -1*(5/x + 5). Suppose -y + 3*h = 2*h - 128, f = h + 3. What are the prime factors of y?
5
Let u = -157 + 709. Let l = u + 171. List the prime factors of l.
3, 241
Let u(h) = h**2 - 6*h - 14. Let t be u(10). Let k = t + -12. Suppose -4*s + 0*s - y = -k, 2 = 3*s + 5*y. What are the prime factors of s?
2
Suppose -4*w + 54*m + 23422 = 53*m, -w = 4*m - 5847. List the prime factors of w.
5, 1171
Let i be 1 + (1 + 30)*-3. List the prime factors of (3 + -5 - i) + 3.
3, 31
Let j be (-2)/3 - 32/6. Let m = -37 + 31. What are the prime factors of 2/m*(-3 + j) + 28?
31
Suppose -9*m - 20*m = 1595. List the prime factors of 10/m + 3 + (-12060)/(-22).
19, 29
Let d(v) = -32*v**3 + v**2 + v. Let u be d(-1). L